-10. Suppose 7*d - 12*d = -p. Suppose 0 = 2*o + d*m - 2722, -3*o + 3*m + 4083 = 4*m. Is o prime?
True
Is (0 - 1)/((-38)/207898) a composite number?
False
Suppose 4*s = 13 - 5. Is s/(-3) - (-8)/(144/4782) a composite number?
True
Let a(q) = q. Let v be a(2). Suppose 7*u - v*u = 25. Is (6 + u)*(1 - -1) a composite number?
True
Let q(w) = 46*w + 91. Is q(13) composite?
True
Let v(w) = -w**3 + 3*w**2 - 12*w + 5. Let j(k) = -k**3 - 8*k**2 + k - 6. Let p be j(-8). Is v(p) a composite number?
True
Let w = -23644 + 40901. Is w a prime number?
True
Let j(s) = s**2 + 2*s - 5. Let n be j(-4). Suppose -d = 5*y - 2, -n = -2*y - 1. Is d/(-9)*3*131 a prime number?
True
Suppose 0 = 4*f + 3*j - 22, -4*j + 2 = -3*f + 6. Suppose 0 = -5*s - f*q + 22435, -4*s + 17948 = -0*s + 3*q. Is s a composite number?
True
Suppose -37*b + 172764 + 207041 = 0. Is b a prime number?
False
Suppose -3*s + 60 = 2*g, 2*s - 5*g = -0*g + 21. Let x = -14 - -65. Let y = x - s. Is y composite?
True
Let u = 7 - -9. Let n = u + -11. Suppose -n*y = 5*k - 3*y - 285, 4*y = -20. Is k prime?
True
Suppose -2*h = 3*f - 11123, -f - 11138 = -4*f + h. Is f a prime number?
False
Suppose 0 = -5*n - c + 92933, -38 + 42 = -2*c. Is n prime?
True
Let f(p) = 21*p**3 - 6*p**2 + 9*p - 1. Let s = -97 - -103. Is f(s) prime?
True
Suppose 2*b = 6*b - 20. Is (1011/9)/(b/(-75)*-5) prime?
True
Suppose -5*y + 2335 = -i, -3*y + 5*i + 756 + 645 = 0. Is y a prime number?
True
Is 2*(-2)/(-8)*(55 + 3819) a prime number?
False
Suppose 0 = -7*w + 4*w. Suppose o + 2 = -4*a, w*a + 5*a = -5*o - 10. Let i(v) = -v**2 - v + 79. Is i(a) a prime number?
True
Let z be 4/((-3)/3) + 1590. Let n = 71 + z. Is n a composite number?
False
Suppose 8*w - 95664 + 6200 = 0. Is w prime?
False
Suppose -5082 = -2*f + y, -3*y - 1273 - 3813 = -2*f. Let s be (12/5)/(-2)*f. Is (-2)/(s/(-764) - 4) a prime number?
True
Let b = -1056 - -2342. Is b composite?
True
Let c be 172*(-2)/(-3 - -1). Let s be (-1)/(-4) + 2235/4. Let x = c + s. Is x a composite number?
True
Let f be -2 + 2 - (-1 - 44). Suppose 6*k - 105 = f. Is k a composite number?
True
Let f = -20 + 78. Suppose -2*o - 67 + 377 = 0. Let q = o - f. Is q a prime number?
True
Let n = -43 - -119. Suppose -y = 197 + n. Let f = y - -404. Is f a composite number?
False
Let a(t) = 138*t**2 + 9*t + 94. Is a(-13) a composite number?
True
Let p = -4 - -7. Suppose -4 = 2*b - p*b. Suppose 3*h + 93 = -4*g + 314, b*h + 2*g - 308 = 0. Is h a composite number?
False
Let h = -5945 + 12394. Is h prime?
True
Suppose -11*w + 8*w + 2349 = 0. Suppose 2*z = -x + 2015 + w, z + 4*x = 1413. Is z prime?
False
Let z(n) = -5*n - 1. Let y be z(-1). Let a(i) = i - 4. Let v be a(y). Suppose -2*p + 3 = -3, v = 2*q + 3*p - 175. Is q composite?
False
Let j = -7742 + 10945. Is j a composite number?
False
Suppose 5*y - 25 = -5*q - 0*y, -y + 17 = 3*q. Suppose q*u + 1 = 31. Suppose 0 = -2*k - 0*k + 3*f + 529, -5*f = u*k - 1260. Is k a composite number?
False
Is (128/(-24) - -6)/((-12)/(-248058)) a prime number?
True
Let z = -1965 - -3403. Is z*((-7)/(-10) - (-2)/(-10)) composite?
False
Suppose l - 2 = a, -9*a + 4*a - 4 = l. Is (-7 + -4)/(l/(-17)) a composite number?
True
Suppose -29129 + 117378 = 7*z. Is z prime?
False
Let f be 47*(-3)/(-27) - 6/27. Suppose -3*c + s = -1257, -5*c + f*s - s = -2095. Is c composite?
False
Suppose 0 = -4*f - f - r + 11510, -4*f = -3*r - 9208. Is f a prime number?
False
Let c be (7 + -13)*5/3. Let s(l) = -l**2 - 11*l - 4. Let g be s(c). Is 614/8*(10 - g) composite?
False
Suppose 11*s + 4080 = 3*s. Is (-22)/(-3)*s/(-20) a composite number?
True
Let o be -1 - (-77*2 + 0). Suppose -45*a = -29*a + 1216. Let g = a + o. Is g a composite number?
True
Suppose 4*c + 5*n = 29947, 7082 = 4*c + 3*n - 22875. Is c a composite number?
True
Let q = 4555 - 1518. Is q prime?
True
Suppose r - 5640 = 11517. Suppose -5*s = 6392 - r. Is s a prime number?
True
Let s(i) = 61*i + 14. Let b(u) = -122*u - 27. Let c(g) = 4*b(g) + 9*s(g). Is c(13) a prime number?
True
Suppose -404250 = -12*u + 488202. Is u a composite number?
True
Suppose -4*g - 4*j = -17304, 0 = -2*g + 7*g - 2*j - 21665. Is g a composite number?
True
Is ((-165753)/54)/(3/(-6)) composite?
True
Is 11/88*-12*12436/(-6) composite?
False
Suppose -u = 2*w + w - 31, 5*w + 4*u - 61 = 0. Suppose w*n + 113 = 10*n. Is n prime?
True
Let d = -31 + 35. Let p(f) = 172*f + 0*f**2 + d*f**2 - 13 - 179*f. Is p(7) a composite number?
True
Suppose -2*z = 125 - 2207. Is z composite?
True
Suppose 0 = 2*y + 2*c - 446, 4*y + 7*c - 2*c - 889 = 0. Let h = y + -3. Is h composite?
False
Let a(x) be the first derivative of x**7/70 + x**6/360 - 2*x**3 - 4. Let o(y) be the third derivative of a(y). Is o(1) a prime number?
True
Let m(j) be the third derivative of -9*j**4/4 - 5*j**3/2 - 26*j**2. Is m(-12) a composite number?
True
Let z(n) = -2*n. Let j(q) = -q. Let k(p) = 12*j(p) - 5*z(p). Is k(-11) composite?
True
Let u = 9044 + -5578. Is u prime?
False
Let t = -14 + 18. Suppose t*u - 5*u = -112. Suppose u + 223 = 5*b. Is b composite?
False
Suppose 4*w - 87767 = i, 0 = -3*w - w + 2*i + 87762. Is w a prime number?
True
Suppose 0 = t - 5*a - 2, 10 = 5*t + 4*a - 2*a. Suppose 3*z = -2 + 17, -2*s = t*z - 1646. Is s a prime number?
False
Suppose -2*y - 1472 = -6*y. Let p be y + 2 + 0 - -2. Let l = 575 - p. Is l a composite number?
True
Is ((-16)/(-4) - 3)/((-1)/(-8147)) a composite number?
False
Suppose 21946 = 39*y - 37*y. Is y prime?
True
Let r be (1*-97)/(3/(-12)). Let d be ((-12)/(-8))/(2/r). Suppose 344 = 5*l - d. Is l composite?
False
Is ((-37675)/75)/(3/(-9)) a composite number?
True
Suppose 0 = -24*k + 766940 - 61028. Is k a prime number?
False
Let g(v) = v**3 + 2*v**2 - 3*v. Let s be g(-3). Suppose o = -s*o + 7. Suppose 5*w = o*w - 278. Is w composite?
False
Let a = 23 - 20. Suppose -l = -3*g - 200, 0 = -5*l + a*g + 767 + 197. Is l a composite number?
False
Let v = 39 + -60. Is (-4023)/v - 4/7 a composite number?
False
Let h(y) = 110*y + 2 - 6 - 3 - 2*y. Is h(3) prime?
True
Let c be -1*3*1180/12. Let l = -67 - c. Suppose 2*t + l = 4*z, -5*z = -4*t - 109 - 170. Is z a prime number?
True
Let l = 18 - 29. Let r(s) = -5*s - 7. Let p be r(l). Let n = p - 14. Is n composite?
True
Suppose 3*f + 1925 + 10146 = k, 2*f = -5*k + 60355. Is k a prime number?
True
Let i be (0 + -3)*1636/(-12). Let b be (-12)/(-15) + (-12)/(-10). Suppose -3*w + i = -b*w. Is w a composite number?
False
Let j(d) = -519*d + 103. Is j(-18) composite?
True
Suppose 3247 + 3797 = 12*m. Is m a prime number?
True
Let q(w) be the third derivative of -67*w**4/24 - 8*w**3/3 - 7*w**2. Is q(-9) a prime number?
True
Suppose -5*v + 160845 = 3*k, -k = -2*v + 21845 + 42493. Is v a prime number?
False
Is (-16)/6 - 4672335/(-261) prime?
False
Suppose 3*v = 4*v - 8. Is 2/v - 12815/(-20) a prime number?
True
Let p(g) = 36*g**3 - 2*g**2 + 10*g - 17. Is p(6) a prime number?
False
Suppose -13*b - 51381 = -40*b. Is b a prime number?
False
Suppose i + 5*a - 13202 = 0, 8*a - 6*a - 52826 = -4*i. Is i a prime number?
False
Let t(b) = -4*b - 26. Let f be t(-6). Is (0 + f)*12249/(-18) a composite number?
False
Let w(n) = n**3 + 2*n**2 + 35*n + 17. Is w(20) a prime number?
False
Let j = 22932 - 7543. Is j a composite number?
True
Suppose -5*q = q - 2880. Let j be (4/(-10))/(1/q). Let m = -121 - j. Is m composite?
False
Suppose 4*l + 20 = -0*l. Suppose -2*n - f - 46 = -0*n, 3*n - 2*f = -76. Let m = l - n. Is m a composite number?
False
Suppose 693 = 3*r + 138. Is r a prime number?
False
Let a(z) = 6373*z - 144. Is a(5) a prime number?
True
Let t be (-25 + -4)/(-1) - -4. Suppose -t = -4*j + j. Suppose 14*o - 903 = j*o. Is o a prime number?
False
Suppose -8931 = -d + 86*k - 84*k, 2*k - 44607 = -5*d. Is d prime?
True
Let u(s) = -32*s - 7. Let w = -32 + 29. Is u(w) prime?
True
Let z(a) = -a**2 + 9*a. Let r be z(9). Suppose r = -0*u - 5*u - o + 2506, -2000 = -4*u - 2*o. Is u a composite number?
True
Is (-5)/(-20) + (116340/(-16))/(-7) composite?
False
Let a = -7 - -21. Let p = a + -10. Suppose u + p*u = 335. Is u a prime number?
True
Let y be 10/55 + (-80)/(-44). Suppose 0 = 4*a - 2*a - y. Is a/(-2*2/(-3148)) composite?
False
Let u be (-2)/(-1 + 4/6). Suppose -r + 0*r + u = 0. Suppose r*p - 1035 = -345. Is p composite?
True
Let v be (-2)/8 - 270/(-24). Suppos